(x) = -x**3 + 2*x**2 + 4*x. Let z be f(3). Let b = 4 + -1. Suppose 0 = -8*m + b*m - 5*j, -2*m + z*j = -5. What is the greatest common factor of m and 11?
1
Let u be 10/3*6/4. Suppose u*s + x - 52 = 0, 2*s + 5*x + 0 = 30. Let z be (1 - 46)/(6/(-4)). Calculate the highest common divisor of s and z.
10
Suppose 5*v - 3*m = 621, -2*v - m = m - 258. What is the highest common divisor of v and 14?
14
Let s = 13 - 3. Let h = -7 + 7. Suppose 2*o - 4*o + 40 = h. What is the greatest common factor of s and o?
10
Suppose -j + 0*j = -4. Suppose -6*m + 280 = -m. Suppose -j*v + 64 + m = 0. What is the greatest common divisor of 6 and v?
6
Suppose -4*c + 5*c - 65 = 0. What is the highest common factor of 13 and c?
13
Let j(o) = 49*o + 2. Let z be j(4). Suppose 3*p - 8*p - 3*i = -102, 5*p = -2*i + 98. What is the greatest common factor of p and z?
18
Let w(q) = 4*q**2 - q + 1. Let m be w(-3). What is the highest common divisor of 20 and m?
20
Let d be ((-3)/4)/((-15)/60). Calculate the greatest common divisor of 2 and d.
1
Let i = -5 + 6. Let o be -3 - ((2 - 6) + i). Suppose -4*f + o*f = -36. What is the greatest common factor of 6 and f?
3
Suppose -6*k + 5*k + 256 = 0. Calculate the greatest common factor of k and 16.
16
Let z be 7/(-28) + (-225)/(-4). What is the highest common factor of 14 and z?
14
Suppose 10*z - 5*z - 5*o = 265, -5*o = -15. Calculate the highest common divisor of 28 and z.
28
Suppose -v = -4*l + 107, l - 2*v + 94 = 4*l. What is the highest common factor of 308 and l?
28
Let u be -2 + 3 + 2 + 0. Let f(w) = 1 + 0*w**2 + 4*w + w**u - 5*w + 4*w**2. Let y be f(-3). Calculate the greatest common divisor of y and 39.
13
Suppose -5*q - 4*x + 7*x + 153 = 0, q - 35 = 5*x. Let s(f) = 2*f**2 + 3*f + 3. Let p be s(-3). Calculate the highest common divisor of p and q.
6
Suppose 2*w - 221 = -23. Suppose -4*z + w = -z. Calculate the greatest common divisor of 3 and z.
3
Let v be (-3)/((-9)/(-12)) - -32. Let c(n) = -n**2 - 5*n + 2. Let y be c(-6). Let m(b) = -b. Let o be m(y). Calculate the highest common divisor of v and o.
4
Suppose -38 - 34 = -3*q. Suppose f - q = -3*f. What is the greatest common factor of f and 24?
6
Suppose -27 = y - 4*y - 3*k, 0 = 3*y - 2*k - 52. Calculate the highest common factor of 7 and y.
7
Let r(w) = w**3 - 10*w**2 + 3*w - 3. Let l be r(10). What is the highest common factor of 3 and l?
3
Suppose -2*k = -4*u + 308, 5*k = -u + 30 + 58. Calculate the greatest common factor of u and 26.
26
Let c be 33 + 1 - (6/2)/(-3). Calculate the greatest common divisor of c and 280.
35
Suppose b - 4*b + 15 = 0. Calculate the greatest common factor of b and 2.
1
Suppose 2*t = -4*p + 2*p + 202, 5*t - 25 = 0. Suppose b + 3*b = p. What is the highest common divisor of 6 and b?
6
Suppose 0 = 3*k - 90 - 99. Calculate the highest common factor of k and 7.
7
Suppose 352 = 8*y + 32. Calculate the highest common factor of y and 10.
10
Let y = -11 + 16. Suppose 0 = -y*w + 38 + 2. Calculate the greatest common factor of 16 and w.
8
Let u be -3 - ((-8)/2 - 11). Calculate the greatest common factor of u and 8.
4
Suppose 4*w + 3 = -2*n - 11, 2*w = -5*n + 5. Let u(o) = 3*o**2 - 2*o**2 + o**2 + 4*o + n. Let y be u(-2). What is the greatest common factor of y and 15?
3
Suppose -3*q = -6*q + g + 57, -g + 15 = q. Let o = -6 - -18. What is the greatest common factor of q and o?
6
Suppose 0 = -3*g - y + 93, 3*y + 50 = g + 9. Calculate the highest common divisor of g and 16.
16
Let d(l) = -2 + l**3 + 3 + 6*l - 3 + 7*l**2. Let k be d(-5). Let m = 23 - 14. What is the highest common factor of m and k?
9
Suppose 50 - 960 = -7*u. What is the highest common divisor of u and 52?
26
Suppose b + 5 = 66. Suppose 3*g = 10 - b. Let r = -5 - g. Calculate the highest common divisor of 6 and r.
6
Suppose i = a - 10, 2*a - i + 14 = 4*a. What is the greatest common factor of 104 and a?
8
Let c = 142 + -100. Calculate the highest common divisor of c and 21.
21
Let o = -17 - -101. Let l be (-6)/((8/14)/(-2)). What is the greatest common divisor of o and l?
21
Let a(r) = r**2 - 6*r - 3. Let b be a(7). Let c(w) = 4*w + 5. Let q be c(b). What is the highest common factor of 14 and q?
7
Let b be 2 - (30 - (-2)/(-2)). Let o be ((-26)/(-3))/((-9)/b). Calculate the greatest common divisor of 286 and o.
26
Let d be (-3)/(1/(-3 - 21)). Let t = -38 + d. Suppose u + 12 = 4*g, -t + 2 = -5*u - 3*g. Calculate the greatest common divisor of 4 and u.
4
Let a be (84/9)/((-1)/(-3)). Let b be (5 + -1 - 1) + 11. Calculate the highest common divisor of b and a.
14
Suppose -c - 3*t + 13 = 0, -5*t + 3 = 4*c - 14. Let h be (4/(-2))/(c/40). Let g = 193 + -93. Calculate the greatest common divisor of g and h.
20
Let o be (3/(9/(-147)))/1. Let l = 23 - o. Calculate the greatest common factor of 48 and l.
24
Let f be (-12)/18*(-2 - -74). Let a be (6*-1)/(8/f). Calculate the highest common factor of a and 90.
18
Let y = 19 - 13. Let g = y + 13. What is the highest common divisor of 19 and g?
19
Let l be (-10)/(-4) + 3/2. Suppose 1 = m - 1. Let j = 6 - m. What is the greatest common divisor of l and j?
4
Suppose -r - 261 + 810 = 0. Calculate the greatest common divisor of 61 and r.
61
Suppose -6*a = t - a - 37, 4*a - 122 = -5*t. What is the highest common factor of t and 132?
22
Let v(t) = t**2 + 8*t + 1. Suppose 4*h + 0 = 4, -h - 29 = -5*q. Suppose w = -3 - q. Let z be v(w). Calculate the highest common divisor of 25 and z.
5
Let n = -25 - -48. Calculate the highest common factor of n and 253.
23
Let p be 60/9*12/5. Suppose -46 = -3*n - 2*t - 0*t, p = -4*t. What is the highest common factor of n and 12?
6
Let b = -18 - -7. Suppose 0*s = -6*s + 210. Let o = s + b. What is the greatest common factor of o and 6?
6
Suppose 2*n - 40 = -0*n. Let q = 0 + n. What is the greatest common divisor of q and 100?
20
Suppose 4*j - j = 48. What is the highest common divisor of j and 4?
4
Suppose -2*w + 0 = -6. What is the greatest common factor of 2 and w?
1
Let q be (-10)/35 + (-452)/(-14). Suppose -2*v = -3*w + q, -w + 0*w + 3*v = 1. Calculate the greatest common divisor of 84 and w.
14
Suppose -4*h = -2*h - 10. Let c = h - 2. Calculate the greatest common divisor of c and 27.
3
Let l(j) = 6*j + 3. Let c(h) = 5*h + 4. Let q(b) = -5*c(b) + 6*l(b). Let m be q(2). What is the greatest common factor of 10 and m?
10
Let j(u) be the second derivative of 1/12*u**4 - 2*u**2 + 1/2*u**3 + 2*u + 0. Let h be j(-8). What is the highest common factor of 18 and h?
18
Suppose 43*w - 2 = 42*w. Calculate the greatest common divisor of 2 and w.
2
Let o(h) = -h**3 - 12*h**2 + 4*h + 9. Let t be o(-13). Let n be (-4)/(-10) + 264/15. What is the highest common factor of t and n?
18
Suppose 5*j + 30 = -0*j. Let p(y) = y**2 - y + 2. Let f be p(j). Let a be 1 - -3*(-1 + 2). Calculate the greatest common factor of a and f.
4
Let d = 81 + 9. Calculate the highest common divisor of 60 and d.
30
Suppose -10*q + 5*q = -20. Calculate the highest common divisor of 32 and q.
4
Let m(x) = x**3 + 5*x**2 + 5*x + 6. Let t be m(-4). Suppose t*h = -6, 0 = -n + 4*h + 20 + 1. Let b = 22 - n. Calculate the greatest common divisor of 104 and b.
13
Let y = -56 - -71. Calculate the greatest common divisor of 75 and y.
15
Suppose -6*x - 7 = -79. Calculate the greatest common divisor of 30 and x.
6
Suppose -4*p - 2*r + 114 = 0, 0 = 3*p - 4*r - 67 - 2. Let y = -13 + p. Let n = -75 - -201. What is the highest common factor of n and y?
14
Let d(i) = i**2 - 5*i + 6. Let x be d(4). Let m(v) = 7*v + 1. Let n be m(x). What is the greatest common factor of 6 and n?
3
Let m be 12/(-4)*(-13)/1. Suppose 0 = 2*w + 4*x - 10, 5*w - 5*x = -0*x + 85. What is the highest common divisor of w and m?
13
Suppose -10 = -f - 4*a, 1 + 13 = 3*f - 4*a. Calculate the highest common divisor of 66 and f.
6
Let r(n) = -2*n**2 - 3*n. Let p be r(-3). Let g be -28*(p/6 + 1). Suppose 0*f - 700 = -5*f. Calculate the greatest common factor of f and g.
14
Let q(v) = -v - 2*v**2 + 1 + 0 + 3*v**2. Let d be ((-2)/5)/(6/(-60)). Let j be q(d). What is the greatest common divisor of 104 and j?
13
Let d be ((-8)/3 - -3)*6. Suppose d*n = -6, -4*m = -2*m - 2*n + 28. Let f = 80 + m. What is the highest common divisor of f and 9?
9
Suppose -72 = -3*o + 81. Let t be 2/(-8) - ((-242)/8 - 4). Calculate the highest c